{"id":18,"date":"2012-01-03T23:08:53","date_gmt":"2012-01-03T23:08:53","guid":{"rendered":"http:\/\/solidhouse.sinapto.net\/wordpress\/?page_id=18"},"modified":"2013-03-07T23:17:05","modified_gmt":"2013-03-07T23:17:05","slug":"work-in-progress","status":"publish","type":"page","link":"https:\/\/www.housingco.org\/?page_id=18","title":{"rendered":"Work in progress"},"content":{"rendered":"<p style=\"text-align: justify;\">Ecco la casa che abbiamo identificato come sede dell&#8217;associazione e soprattutto del Cohousing ovvero la comunit\u00e0 di coabitazione!<\/p>\n<p style=\"text-align: justify;\">Certo ci sono un sacco di lavori da fare ma il grosso \u00e8 fatto!!!!!!<\/p>\n<p><iframe loading=\"lazy\" src=\"http:\/\/maps.google.it\/maps?f=q&amp;source=embed&amp;hl=it&amp;geocode=&amp;q=Via+San+Martino,+Cologno+Monzese&amp;aq=0&amp;sll=41.442726,12.392578&amp;sspn=20.164165,46.538086&amp;vpsrc=0&amp;ie=UTF8&amp;hq=&amp;hnear=Via+San+Martino,+20093+Cologno+Monzese+Milano,+Lombardia&amp;t=m&amp;ll=45.531562,9.295134&amp;spn=0.009214,0.022724&amp;z=14&amp;layer=c&amp;cbll=45.531562,9.295134&amp;panoid=3NHddu9KO27woRm6OY8aQg&amp;cbp=12,232.11,,0,-5.52&amp;output=svembed\" height=\"350\" width=\"425\" frameborder=\"0\" marginwidth=\"0\" marginheight=\"0\" scrolling=\"no\"><\/iframe><br \/>\n<small><a style=\"color: #0000ff; text-align: left;\" href=\"http:\/\/maps.google.it\/maps?f=q&amp;source=embed&amp;hl=it&amp;geocode=&amp;q=Via+San+Martino,+Cologno+Monzese&amp;aq=0&amp;sll=41.442726,12.392578&amp;sspn=20.164165,46.538086&amp;vpsrc=0&amp;ie=UTF8&amp;hq=&amp;hnear=Via+San+Martino,+20093+Cologno+Monzese+Milano,+Lombardia&amp;t=m&amp;ll=45.531562,9.295134&amp;spn=0.009214,0.022724&amp;z=14&amp;layer=c&amp;cbll=45.531562,9.295134&amp;panoid=3NHddu9KO27woRm6OY8aQg&amp;cbp=12,232.11,,0,-5.52\">Visualizzazione ingrandita della mappa<\/a><\/small><\/p>\n<p>Questo blog ci permetter\u00e0 anche di documentare e raccontare, grazie ai potenti mezzi video e fotografici, lo stato di avanzamento lavori!<\/p>\n","protected":false},"excerpt":{"rendered":"<p>Ecco la casa che abbiamo identificato come sede dell&#8217;associazione e soprattutto del Cohousing ovvero la comunit\u00e0 di coabitazione! Certo ci sono un sacco di lavori da fare ma il grosso \u00e8 fatto!!!!!! Visualizzazione ingrandita della mappa Questo blog ci permetter\u00e0 anche di documentare e raccontare, grazie ai potenti mezzi video e fotografici, lo stato di [&hellip;]<\/p>\n","protected":false},"author":8,"featured_media":0,"parent":0,"menu_order":4,"comment_status":"closed","ping_status":"closed","template":"","meta":{"ngg_post_thumbnail":0,"footnotes":""},"class_list":["post-18","page","type-page","status-publish","hentry"],"_links":{"self":[{"href":"https:\/\/www.housingco.org\/index.php?rest_route=\/wp\/v2\/pages\/18","targetHints":{"allow":["GET"]}}],"collection":[{"href":"https:\/\/www.housingco.org\/index.php?rest_route=\/wp\/v2\/pages"}],"about":[{"href":"https:\/\/www.housingco.org\/index.php?rest_route=\/wp\/v2\/types\/page"}],"author":[{"embeddable":true,"href":"https:\/\/www.housingco.org\/index.php?rest_route=\/wp\/v2\/users\/8"}],"replies":[{"embeddable":true,"href":"https:\/\/www.housingco.org\/index.php?rest_route=%2Fwp%2Fv2%2Fcomments&post=18"}],"version-history":[{"count":12,"href":"https:\/\/www.housingco.org\/index.php?rest_route=\/wp\/v2\/pages\/18\/revisions"}],"predecessor-version":[{"id":768,"href":"https:\/\/www.housingco.org\/index.php?rest_route=\/wp\/v2\/pages\/18\/revisions\/768"}],"wp:attachment":[{"href":"https:\/\/www.housingco.org\/index.php?rest_route=%2Fwp%2Fv2%2Fmedia&parent=18"}],"curies":[{"name":"wp","href":"https:\/\/api.w.org\/{rel}","templated":true}]}}