{"id":2,"date":"2012-01-02T14:24:07","date_gmt":"2012-01-02T14:24:07","guid":{"rendered":"http:\/\/solidhouse.sinapto.net\/wordpress\/?page_id=2"},"modified":"2013-01-28T22:48:30","modified_gmt":"2013-01-28T22:48:30","slug":"pagina-di-esempio","status":"publish","type":"page","link":"https:\/\/www.housingco.org\/?page_id=2","title":{"rendered":"Chi siamo"},"content":{"rendered":"<p><strong><span style=\"font-size: medium;\"><em>LA NOSTRA IDEA<\/em><\/span><\/strong><\/p>\n<p style=\"text-align: justify;\"><span style=\"font-size: medium;\">L&#8217;associazione Housing &amp; Co. nasce da un gruppo di amici che hanno maturato nel tempo la volont\u00e0 di vivere lo spazio abitativo in modo diverso e condividono il sogno di avviare un&#8217;esperienza di coabitazione solidale.<\/span><br \/>\n<span style=\"font-size: medium;\"> Vivere all&#8217;insegna del rispetto della diversit\u00e0, della solidariet\u00e0 e della sostenibilit\u00e0 ambientale, la messa al centro della condivisione come strumento essenziale per crescere e il rifiuto di una societ\u00e0 basata esclusivamente sull&#8217;affermazione del singolo costituiscono le spinte fondanti del progetto.<\/span><br \/>\n<span style=\"font-size: medium;\"> La volont\u00e0 \u00e8 quella di costruire una realt\u00e0 aperta verso l&#8217;esterno &#8211; al quartiere, alla citt\u00e0 e al villaggio globale &#8211; in grado di offrire il proprio contributo alla comunit\u00e0 promuovendo azioni di prossimit\u00e0 e buon vicinato e mettendosi a disposizione di chi ha maggior bisogno (secondo le pi\u00f9 diverse modalit\u00e0, quali l&#8217;affido, il pronto intervento abitativo, ecc).<\/span><br \/>\n<span style=\"font-size: medium;\"> Il gruppo che vuole affrontare questa sfida \u00e8 costituito da persone con formazione ed esperienze personali e professionali diverse, che non si nascondono le difficolt\u00e0 del cammino intrapreso ma che sentono il bisogno di affrontarlo, non solo per se stessi ma anche per affermare che un modo diverso di vivere \u00e8 possibile.<\/span><\/p>\n<p style=\"text-align: justify;\"><span style=\"font-size: medium;\">La nostra casa, anche sede dell&#8217;associazione, sar\u00e0 il luogo dove poter coltivare le passioni e le potenzialit\u00e0 dei singoli e dove dar vita a progetti di pi\u00f9 ampia vocazione sociale.<\/span><\/p>\n<p style=\"text-align: justify;\"><span style=\"font-size: medium;\"><em><strong>UN PERCORSO E TANTI RINGRAZIAMENTI<\/strong><\/em><\/span><\/p>\n<p style=\"text-align: justify;\"><span style=\"font-size: medium;\">Da circa quattro anni il nostro gruppo si ritrova regolarmente con l&#8217;intento di condividere idee e rendere fattivo il sogno di avviare un&#8217;esperienza di cohousing solidale.<\/span><\/p>\n<p style=\"text-align: justify;\"><span style=\"font-size: medium;\">Nel corso di questi anni di &#8220;formazione&#8221; abbiamo visitato diverse realt\u00e0, pi\u00f9 o meno note, di comunit\u00e0 di famiglie con il fine di imparare dalle loro esperienze e trarre la giusta forza per continuare a credere nel nostro progetto.<\/span><br \/>\n<span style=\"font-size: medium;\"> Abbiamo avuto modo di condividere significative esperienze, testimonianze e racconti presso Villapizzone (grazie a Danila e Massimo Nicolai &#8211; cofondatori dell&#8217;associazione Comunit\u00e0 e Famiglia), presso la Comunit\u00e0 Sichem di Olgiate Olona (grazie a Bruna e Franco Taverna), presso l\u2019associazione Le Vele di Segrate o con gli operatori di Dar Casa, del DES \u2013 Distretti di Economia Solidale di Varese e infine della Cooperativa Comin di Milano.<\/span><br \/>\n<span style=\"font-size: medium;\"> La loro disponibilit\u00e0 ci ha spinto a proseguire nel nostro percorso, seppur tutti loro non ci hanno tenuto nascosto le difficolt\u00e0.<\/span><\/p>\n<p style=\"text-align: justify;\"><span style=\"font-size: medium;\">Grazie a tutti!<\/span><\/p>\n","protected":false},"excerpt":{"rendered":"<p>LA NOSTRA IDEA L&#8217;associazione Housing &amp; Co. nasce da un gruppo di amici che hanno maturato nel tempo la volont\u00e0 di vivere lo spazio abitativo in modo diverso e condividono il sogno di avviare un&#8217;esperienza di coabitazione solidale. Vivere all&#8217;insegna del rispetto della diversit\u00e0, della solidariet\u00e0 e della sostenibilit\u00e0 ambientale, la messa al centro della [&hellip;]<\/p>\n","protected":false},"author":8,"featured_media":0,"parent":0,"menu_order":0,"comment_status":"closed","ping_status":"closed","template":"","meta":{"ngg_post_thumbnail":0,"footnotes":""},"class_list":["post-2","page","type-page","status-publish","hentry"],"_links":{"self":[{"href":"https:\/\/www.housingco.org\/index.php?rest_route=\/wp\/v2\/pages\/2","targetHints":{"allow":["GET"]}}],"collection":[{"href":"https:\/\/www.housingco.org\/index.php?rest_route=\/wp\/v2\/pages"}],"about":[{"href":"https:\/\/www.housingco.org\/index.php?rest_route=\/wp\/v2\/types\/page"}],"author":[{"embeddable":true,"href":"https:\/\/www.housingco.org\/index.php?rest_route=\/wp\/v2\/users\/8"}],"replies":[{"embeddable":true,"href":"https:\/\/www.housingco.org\/index.php?rest_route=%2Fwp%2Fv2%2Fcomments&post=2"}],"version-history":[{"count":21,"href":"https:\/\/www.housingco.org\/index.php?rest_route=\/wp\/v2\/pages\/2\/revisions"}],"predecessor-version":[{"id":555,"href":"https:\/\/www.housingco.org\/index.php?rest_route=\/wp\/v2\/pages\/2\/revisions\/555"}],"wp:attachment":[{"href":"https:\/\/www.housingco.org\/index.php?rest_route=%2Fwp%2Fv2%2Fmedia&parent=2"}],"curies":[{"name":"wp","href":"https:\/\/api.w.org\/{rel}","templated":true}]}}